{"id":39772,"date":"2020-09-08T14:40:29","date_gmt":"2020-09-08T12:40:29","guid":{"rendered":"https:\/\/evk-hornbach.de\/?page_id=39772"},"modified":"2020-09-08T18:02:33","modified_gmt":"2020-09-08T16:02:33","slug":"kita","status":"publish","type":"page","link":"https:\/\/evk-hornbach.de\/?page_id=39772","title":{"rendered":"Kita"},"content":{"rendered":"\n\n\n<div class=\"wp-block-buttons aligncenter is-layout-flex wp-block-buttons-is-layout-flex\">\n<div class=\"wp-block-button\"><a class=\"wp-block-button__link has-white-color has-midnight-gradient-background has-text-color has-background\" href=\"http:\/\/kitahornbach.de\">Homepage der Prot. Kita Hornbach<\/a><\/div>\n\n\n\n<div class=\"wp-block-button\"><a class=\"wp-block-button__link has-white-color has-midnight-gradient-background has-text-color has-background\" href=\"https:\/\/kitaalthornbach.de\">Homepage der Prot. Kita Storchennest Althornbach<\/a><\/div>\n<\/div>\n\n\n","protected":false},"excerpt":{"rendered":"","protected":false},"author":4,"featured_media":0,"parent":0,"menu_order":0,"comment_status":"closed","ping_status":"closed","template":"","meta":{"_uag_custom_page_level_css":"","advgb_blocks_editor_width":"","advgb_blocks_columns_visual_guide":"","episode_type":"","audio_file":"","podmotor_file_id":"","podmotor_episode_id":"","cover_image":"","cover_image_id":"","duration":"","filesize":"","filesize_raw":"","date_recorded":"","explicit":"","block":"","cybocfi_hide_featured_image":"","footnotes":""},"class_list":["post-39772","page","type-page","status-publish","hentry","entry"],"uagb_featured_image_src":{"full":false,"thumbnail":false,"medium":false,"medium_large":false,"large":false,"ug_big":false,"1536x1536":false,"2048x2048":false,"post-thumbnail":false},"uagb_author_info":{"display_name":"Patrick Gauter","author_link":"https:\/\/evk-hornbach.de\/?author=4"},"uagb_comment_info":0,"uagb_excerpt":null,"coauthors":[],"author_meta":{"author_link":"https:\/\/evk-hornbach.de\/?author=4","display_name":"Patrick Gauter"},"relative_dates":{"created":"Ver\u00f6ffentlicht 6\u00a0Jahren vor","modified":"Aktualisiert 6\u00a0Jahren vor"},"absolute_dates":{"created":"Ver\u00f6ffentlicht am 8. September 2020","modified":"Aktualisiert am 8. September 2020"},"absolute_dates_time":{"created":"Ver\u00f6ffentlicht am 8. September 2020 14:40","modified":"Aktualisiert am 8. September 2020 18:02"},"featured_img_caption":"","featured_img":false,"series_order":"","jetpack-related-posts":[{"id":39685,"url":"https:\/\/evk-hornbach.de\/?page_id=39685","url_meta":{"origin":39772,"position":0},"title":"Links der Prot. Kirchengemeinde Hornbachtal mit der Prot. Kirchengemeinde Rimschweiler","author":"Patrick Gauter","date":"27. August 2020","format":false,"excerpt":"Hornbacher Gottesdienst - 3. Sonntag nach Ostern | Jubilate , 26.04.2026, 10 Uhr 50. Benefizkonzert in der Prot. Klosterkirche Hornbach, 05.01.2025, 17:00 Uhr Neue Internetseite der Prot. Kita Storchennest Althornbach Webseite der Prot. Kirchengemeinden Hornbach-Brenschelbach und Althornbach YouTube Kanal der Prot. Kirchengemeinden Hornbach-Brenschelbach und Althornbach","rel":"","context":"\u00c4hnlicher Beitrag","block_context":{"text":"\u00c4hnlicher Beitrag","link":""},"img":{"alt_text":"","src":"https:\/\/i0.wp.com\/evk-hornbach.de\/wp-content\/uploads\/2017\/12\/cropped-logov2.png?resize=350%2C200&ssl=1","width":350,"height":200,"srcset":"https:\/\/i0.wp.com\/evk-hornbach.de\/wp-content\/uploads\/2017\/12\/cropped-logov2.png?resize=350%2C200&ssl=1 1x, https:\/\/i0.wp.com\/evk-hornbach.de\/wp-content\/uploads\/2017\/12\/cropped-logov2.png?resize=525%2C300&ssl=1 1.5x, https:\/\/i0.wp.com\/evk-hornbach.de\/wp-content\/uploads\/2017\/12\/cropped-logov2.png?resize=700%2C400&ssl=1 2x, https:\/\/i0.wp.com\/evk-hornbach.de\/wp-content\/uploads\/2017\/12\/cropped-logov2.png?resize=1050%2C600&ssl=1 3x"},"classes":[]},{"id":50437,"url":"https:\/\/evk-hornbach.de\/","url_meta":{"origin":39772,"position":1},"title":"\u00dcberblick","author":"Christian G\u00fcnther","date":"5. November 2024","format":false,"excerpt":"Gru\u00dfwort Herzlich willkommen auf unserer Homepage! Wir, die Prot. Kirchengemeinde Hornbachtal zusammen mit der Prot. Kirchengemeinde Rimschweiler, m\u00f6chten Sie einladen, an unserem reichen Gemeindeleben teilzuhaben. Und wir haben einiges zu bieten: von der Taufe \u00fcber Krabbelgruppe, KiTa und Grundschule, eine bl\u00fchende Jugendarbeit: erlebnisorientierte Konfirmand*innen-Arbeit, lebendige Jugendgruppen und die beliebte Jugendfreizeit\u2026","rel":"","context":"\u00c4hnlicher Beitrag","block_context":{"text":"\u00c4hnlicher Beitrag","link":""},"img":{"alt_text":"","src":"https:\/\/i0.wp.com\/evk-hornbach.de\/wp-content\/uploads\/2026\/04\/losungsandachten2026.png?resize=350%2C200&ssl=1","width":350,"height":200,"srcset":"https:\/\/i0.wp.com\/evk-hornbach.de\/wp-content\/uploads\/2026\/04\/losungsandachten2026.png?resize=350%2C200&ssl=1 1x, https:\/\/i0.wp.com\/evk-hornbach.de\/wp-content\/uploads\/2026\/04\/losungsandachten2026.png?resize=525%2C300&ssl=1 1.5x, https:\/\/i0.wp.com\/evk-hornbach.de\/wp-content\/uploads\/2026\/04\/losungsandachten2026.png?resize=700%2C400&ssl=1 2x"},"classes":[]},{"id":211,"url":"https:\/\/evk-hornbach.de\/?page_id=211","url_meta":{"origin":39772,"position":2},"title":"Protestantisches Pfarramt Hornbach","author":"Christian G\u00fcnther","date":"31. Juli 2016","format":false,"excerpt":"Zum Protestantischen Pfarramt Hornbach geh\u00f6ren zwei Kirchengemeinden: Hornbach-Brenschelbach (mit den Orten Hornbach, Mauschbach, Dietrichingen, Brenschelbach und Riesweiler) Althornbach Eine Liste der Hornbacher Gemeindepfarrer (seit 1900) finden Sie hier. Die Zust\u00e4ndigkeit f\u00fcr Althornbach wechselte mehrfach zwischen der Pfarrei Hornbach und Rimschweiler. Seitdem 2014 die Pfarreien Mittelbach und Rimschweiler zusammengelegt wurden, wechselte\u2026","rel":"","context":"\u00c4hnlicher Beitrag","block_context":{"text":"\u00c4hnlicher Beitrag","link":""},"img":{"alt_text":"","src":"https:\/\/i0.wp.com\/evk-hornbach.de\/wp-content\/uploads\/2019\/11\/Karte-Pfarrei-Hornbach-1024x749.png?resize=350%2C200&ssl=1","width":350,"height":200,"srcset":"https:\/\/i0.wp.com\/evk-hornbach.de\/wp-content\/uploads\/2019\/11\/Karte-Pfarrei-Hornbach-1024x749.png?resize=350%2C200&ssl=1 1x, https:\/\/i0.wp.com\/evk-hornbach.de\/wp-content\/uploads\/2019\/11\/Karte-Pfarrei-Hornbach-1024x749.png?resize=525%2C300&ssl=1 1.5x, https:\/\/i0.wp.com\/evk-hornbach.de\/wp-content\/uploads\/2019\/11\/Karte-Pfarrei-Hornbach-1024x749.png?resize=700%2C400&ssl=1 2x"},"classes":[]},{"id":51115,"url":"https:\/\/evk-hornbach.de\/?page_id=51115","url_meta":{"origin":39772,"position":3},"title":"Hornbacher Kirchengeschichte (ultrakurz)","author":"Christian G\u00fcnther","date":"7. November 2024","format":false,"excerpt":"Teil 1: St. Pirminius und die Gr\u00fcndung des Klosters Hornbach Die Geschichte der Kirchengemeinde Hornbach l\u00e4sst sich \u00fcber 1280 Jahre zur\u00fcckverfolgen bis ins Jahr 741. Damals gr\u00fcndete der Wanderm\u00f6nch Pirminius auf r\u00f6mischen Ruinen das Kloster Hornbach und lebte dort, bis er 753 starb. Schon bald darauf wurde er als Heiliger\u2026","rel":"","context":"\u00c4hnlicher Beitrag","block_context":{"text":"\u00c4hnlicher Beitrag","link":""},"img":{"alt_text":"","src":"https:\/\/i0.wp.com\/evk-hornbach.de\/wp-content\/uploads\/2024\/11\/hornbach-center.jpg?resize=350%2C200&ssl=1","width":350,"height":200,"srcset":"https:\/\/i0.wp.com\/evk-hornbach.de\/wp-content\/uploads\/2024\/11\/hornbach-center.jpg?resize=350%2C200&ssl=1 1x, https:\/\/i0.wp.com\/evk-hornbach.de\/wp-content\/uploads\/2024\/11\/hornbach-center.jpg?resize=525%2C300&ssl=1 1.5x, https:\/\/i0.wp.com\/evk-hornbach.de\/wp-content\/uploads\/2024\/11\/hornbach-center.jpg?resize=700%2C400&ssl=1 2x"},"classes":[]},{"id":85,"url":"https:\/\/evk-hornbach.de\/?page_id=85","url_meta":{"origin":39772,"position":4},"title":"Impressum","author":"Christian G\u00fcnther","date":"29. Juli 2016","format":false,"excerpt":"Angaben gem\u00e4\u00df \u00a7 5 TMG und Abschnitt 2 DSGVO Daniel Seel Im Klosterbezirk 66500 Hornbach Kontakt: Telefon:\u00a006338 993040 E-Mail: pfarramt@evk-hornbach.de Verantwortlich f\u00fcr den Inhalt nach \u00a7 55 Abs. 2 RStV: Christian G\u00fcnther Eckstr. 19 66500 Mauschbach Datenschutzerkl\u00e4rung Haftungsausschluss DATENSCHUTZERKL\u00c4RUNG Wir freuen uns sehr \u00fcber Ihr Interesse an unserer Kirchengemeinde. Datenschutz\u2026","rel":"","context":"\u00c4hnlicher Beitrag","block_context":{"text":"\u00c4hnlicher Beitrag","link":""},"img":{"alt_text":"","src":"","width":0,"height":0},"classes":[]},{"id":232,"url":"https:\/\/evk-hornbach.de\/?page_id=232","url_meta":{"origin":39772,"position":5},"title":"Liste der evangelischen Pfarrer in Hornbach seit 1900","author":"Christian G\u00fcnther","date":"1. August 2016","format":false,"excerpt":"\u00a0 Dienstzeit Name Zust\u00e4ndigkeit 1891-1911 M\u00e4rcker,\u00a0Friedrich Pfarramt\u00a0I 1898-1910 Neubauer,\u00a0Andreas Pfarramt\u00a0II 1910-1911 Schmidt,\u00a0Hans (Verw.\u00a0in\u00a0Hornbach) 1911-1919 Sch\u00e4fer,\u00a0Oskar Pfarramt\u00a0I 1911-1930 Heussler,\u00a0Jakob Pfarramt\u00a0II 1920-1950 Weber,\u00a0Carl\u00a0August Pfarramt\u00a0I 1931 Dr.\u00a0Ludwig\u00a0Reinhard Pfarramt\u00a0(II?) 1933-1936 Hopp,\u00a0Helmut Pfarramt\u00a0(II?) 1936-1938 Roos,\u00a0Ernst\u00a0Heinrich (Verw.\u00a0in\u00a0Hornbach) 1938-1939 Klein,\u00a0Heinrich (Verw.\u00a0in\u00a0Hornbach) 1949-1951 Risch,\u00a0Erwin\u00a0Theodor Pfarramt\u00a0II 1951-1953 Risch,\u00a0Erwin\u00a0Theodor Pfarramt 1954-1955 Kropp,\u00a0Werner (Vikar\u00a0in\u00a0Hornbach) 1955 Grimm,\u00a0Hans-J\u00fcrgen (Vikar\u00a0in\u00a0Hornbach ?) 1954-1962 Hellmann,\u00a0Dietmar Pfarramt\u2026","rel":"","context":"\u00c4hnlicher Beitrag","block_context":{"text":"\u00c4hnlicher Beitrag","link":""},"img":{"alt_text":"","src":"","width":0,"height":0},"classes":[]}],"jetpack_sharing_enabled":true,"publishpress_future_action":{"enabled":false,"date":"2026-05-08 04:28:26","action":"change-status","newStatus":"draft","terms":[],"taxonomy":"","extraData":[]},"publishpress_future_workflow_manual_trigger":{"enabledWorkflows":[]},"_links":{"self":[{"href":"https:\/\/evk-hornbach.de\/index.php?rest_route=\/wp\/v2\/pages\/39772","targetHints":{"allow":["GET"]}}],"collection":[{"href":"https:\/\/evk-hornbach.de\/index.php?rest_route=\/wp\/v2\/pages"}],"about":[{"href":"https:\/\/evk-hornbach.de\/index.php?rest_route=\/wp\/v2\/types\/page"}],"author":[{"embeddable":true,"href":"https:\/\/evk-hornbach.de\/index.php?rest_route=\/wp\/v2\/users\/4"}],"replies":[{"embeddable":true,"href":"https:\/\/evk-hornbach.de\/index.php?rest_route=%2Fwp%2Fv2%2Fcomments&post=39772"}],"version-history":[{"count":4,"href":"https:\/\/evk-hornbach.de\/index.php?rest_route=\/wp\/v2\/pages\/39772\/revisions"}],"predecessor-version":[{"id":39780,"href":"https:\/\/evk-hornbach.de\/index.php?rest_route=\/wp\/v2\/pages\/39772\/revisions\/39780"}],"wp:attachment":[{"href":"https:\/\/evk-hornbach.de\/index.php?rest_route=%2Fwp%2Fv2%2Fmedia&parent=39772"}],"curies":[{"name":"wp","href":"https:\/\/api.w.org\/{rel}","templated":true}]}}

Veröffentlicht 6 Jahren vor

Veröffentlicht am 8. September 2020

Veröffentlicht am 8. September 2020 14:40

Ähnlicher Beitrag

Überblick

Christian Günther

Grußwort Herzlich willkommen auf unserer Homepage! Wir, die Prot. Kirchengemeinde Hornbachtal zusammen mit der Prot. Kirchengemeinde Rimschweiler, möchten Sie einladen, an unserem reichen Gemeindeleben teilzuhaben. Und wir haben einiges zu bieten: von der Taufe über Krabbelgruppe, KiTa und Grundschule, eine blühende Jugendarbeit: erlebnisorientierte Konfirmand*innen-Arbeit, lebendige Jugendgruppen und die beliebte Jugendfreizeit…

Zum Protestantischen Pfarramt Hornbach gehören zwei Kirchengemeinden: Hornbach-Brenschelbach (mit den Orten Hornbach, Mauschbach, Dietrichingen, Brenschelbach und Riesweiler) Althornbach Eine Liste der Hornbacher Gemeindepfarrer (seit 1900) finden Sie hier. Die Zuständigkeit für Althornbach wechselte mehrfach zwischen der Pfarrei Hornbach und Rimschweiler. Seitdem 2014 die Pfarreien Mittelbach und Rimschweiler zusammengelegt wurden, wechselte…

Teil 1: St. Pirminius und die Gründung des Klosters Hornbach Die Geschichte der Kirchengemeinde Hornbach lässt sich über 1280 Jahre zurückverfolgen bis ins Jahr 741. Damals gründete der Wandermönch Pirminius auf römischen Ruinen das Kloster Hornbach und lebte dort, bis er 753 starb. Schon bald darauf wurde er als Heiliger…

Angaben gemäß § 5 TMG und Abschnitt 2 DSGVO Daniel Seel Im Klosterbezirk 66500 Hornbach Kontakt: Telefon: 06338 993040 E-Mail: pfarramt@evk-hornbach.de Verantwortlich für den Inhalt nach § 55 Abs. 2 RStV: Christian Günther Eckstr. 19 66500 Mauschbach Datenschutzerklärung Haftungsausschluss DATENSCHUTZERKLÄRUNG Wir freuen uns sehr über Ihr Interesse an unserer Kirchengemeinde. Datenschutz…

Dienstzeit Name Zuständigkeit 1891-1911 Märcker, Friedrich Pfarramt I 1898-1910 Neubauer, Andreas Pfarramt II 1910-1911 Schmidt, Hans (Verw. in Hornbach) 1911-1919 Schäfer, Oskar Pfarramt I 1911-1930 Heussler, Jakob Pfarramt II 1920-1950 Weber, Carl August Pfarramt I 1931 Dr. Ludwig Reinhard Pfarramt (II?) 1933-1936 Hopp, Helmut Pfarramt (II?) 1936-1938 Roos, Ernst Heinrich (Verw. in Hornbach) 1938-1939 Klein, Heinrich (Verw. in Hornbach) 1949-1951 Risch, Erwin Theodor Pfarramt II 1951-1953 Risch, Erwin Theodor Pfarramt 1954-1955 Kropp, Werner (Vikar in Hornbach) 1955 Grimm, Hans-Jürgen (Vikar in Hornbach ?) 1954-1962 Hellmann, Dietmar Pfarramt…
