{"id":38143,"date":"2019-11-23T11:22:28","date_gmt":"2019-11-23T10:22:28","guid":{"rendered":"https:\/\/evk-hornbach.de\/?page_id=38143"},"modified":"2026-02-27T14:09:35","modified_gmt":"2026-02-27T13:09:35","slug":"veranstaltungen-2","status":"publish","type":"page","link":"https:\/\/evk-hornbach.de\/?page_id=38143","title":{"rendered":"Veranstaltungskalender"},"content":{"rendered":"\n<div style=\"position: relative; width: 100%; max-width: 800px; margin: 0 auto;\">\n  <!-- Vollst\u00e4ndiges Hintergrundbild (nur sichtbar) -->\n  <img decoding=\"async\" src=\"https:\/\/evk-hornbach.de\/wp-content\/uploads\/2017\/12\/losungen-livestream-hornbach.png\"\n       style=\"width: 100%; height: auto; display: block;\">\n\n  <!-- Unsichtbare anklickbare Overlays (absolut positioniert) -->\n  <a href=\"https:\/\/www.losungen.de\"\n     style=\"position: absolute; top: 0; left: 0; width: 16.25%; height: 100%;\"><\/a>\n  <a href=\"https:\/\/evk-hornbach.de\/?cat=294\"\n     style=\"position: absolute; top: 0; left: 16.25%; width: 39.625%; height: 100%;\"><\/a>\n  <a href=\"https:\/\/evk-hornbach.de\/?cat=302\"\n     style=\"position: absolute; top: 0; left: 55.875%; width: 44.125%; height: 100%;\"><\/a>\n<\/div>\n\n\n\n<div style=\"display: none;\">\n<div class=\"sp-wrap sp-wrap-green\">\n<div class=\"sp-head\" title=\"Erweitern\">\nCorona-Hinweis  \u00b7   Bitte hier klicken, um ihn aufzuklappen\n<\/div>\n<div class=\"sp-body folded\">\n<p><span style=\"font-size: 1.125rem;\"><strong>Nachdem sich Corona in diesem Winter offenbar wieder im <a href=\"https:\/\/de.wikipedia.org\/wiki\/SARS-CoV-2#B.1.1.529\" target=\"_blank\" rel=\"noopener\"><span style=\"color: #000000;\">nu<\/span><\/a>\u00a0verbreitet, kann es sein, dass viele der angegebenen Termine kurzfristig abgesagt werden m\u00fcssen<\/strong>. Abgesehen davon gibt es bei den Gottesdiensten folgende Kontrollen und Beschr\u00e4nkungen:<\/span>Es stehen nur eine begrenzte Anzahl von Pl\u00e4tzen zur Verf\u00fcgung; die gekennzeichnet sind (ca 35 Pl\u00e4tze). Name und Anschrift von jedem Besucher\/jeder Besucherin wird am Eingang erfasst. Desinfektionsmittel steht am Ein- und Ausgang bereit, bitte Mund-Nasen-Schutz mitbringen.Wer sicher gehen m\u00f6chte einen Sitzplatz zu erhalten, <strong>m\u00f6ge bitte vorher im Pfarramt sp\u00e4testens bis Freitag 12.00 Uhr<\/strong> reservieren.<\/p>\n<p>Die Gottesdienste in Hornbach werden gefilmt und <a href=\"http:\/\/bit.ly\/godilive\" target=\"_blank\" rel=\"noopener noreferrer\"><strong>live bei You Tube<\/strong> <\/a>\u00fcbertragen. Wer also zuhause bleiben will, kann sie auch auf dem Tablet oder Computer (mit Internetanschluss) ansehen.<\/p>\n<div class=\"spdiv\">[Einklappen]<\/div>\n<\/div>\n<\/div>\n\n<\/div>\n\n<div class=\"sp-wrap sp-wrap-blue\">\n<div class=\"sp-head\" title=\"Erweitern\">\nHinweis zur Benutzung des Kalenders  \u00b7   Bitte hier klicken, um ihn aufzuklappen\n<\/div>\n<div class=\"sp-body folded\">\n<p>Unsere Kalender werden monatlich aktualisiert. Das bedeutet:<\/p>\n<p><strong>Die Termine sind lediglich bis zum Ende des <em>laufenden<\/em> Monats zuverl\u00e4ssig.<\/strong><\/p>\n<p>Alle sp\u00e4teren Termine beruhen auf Prognosen und Algorithmen und k\u00f6nnen nur als unverbindliche Orientierung angesehen werden.<\/p>\n<div class=\"spdiv\">[Einklappen]<\/div>\n<\/div>\n<\/div>\n\n    <div class=\"kirchenplaner\" ng-controller=\"kirchenPlanerCtrl\" ng-init=\"init_uid(2)\">\r\n        <!-- Rendering done in Templates located in EXT:ax_kirchenplaner\/Resources\/Public\/Angular\/templates\/ or Custom Template defined in TYPO3 Backend -->\r\n        <!-- Copy them and upload custom template to adjust layout to your needs -->\r\n        <div ng-include=\"template\"><\/div>\r\n    <\/div>\r\n    ","protected":false},"excerpt":{"rendered":"","protected":false},"author":4,"featured_media":0,"parent":0,"menu_order":0,"comment_status":"closed","ping_status":"closed","template":"","meta":{"_uag_custom_page_level_css":"","advgb_blocks_editor_width":"","advgb_blocks_columns_visual_guide":"","episode_type":"","audio_file":"","podmotor_file_id":"","podmotor_episode_id":"","cover_image":"","cover_image_id":"","duration":"","filesize":"","filesize_raw":"","date_recorded":"","explicit":"","block":"","cybocfi_hide_featured_image":"","footnotes":""},"class_list":["post-38143","page","type-page","status-publish","hentry","entry"],"uagb_featured_image_src":{"full":false,"thumbnail":false,"medium":false,"medium_large":false,"large":false,"ug_big":false,"1536x1536":false,"2048x2048":false,"post-thumbnail":false},"uagb_author_info":{"display_name":"Patrick Gauter","author_link":"https:\/\/evk-hornbach.de\/?author=4"},"uagb_comment_info":0,"uagb_excerpt":null,"coauthors":[],"author_meta":{"author_link":"https:\/\/evk-hornbach.de\/?author=4","display_name":"Patrick Gauter"},"relative_dates":{"created":"Ver\u00f6ffentlicht 6\u00a0Jahren vor","modified":"Aktualisiert 2\u00a0Monaten vor"},"absolute_dates":{"created":"Ver\u00f6ffentlicht am 23. November 2019","modified":"Aktualisiert am 27. Februar 2026"},"absolute_dates_time":{"created":"Ver\u00f6ffentlicht am 23. November 2019 11:22","modified":"Aktualisiert am 27. Februar 2026 14:09"},"featured_img_caption":"","featured_img":false,"series_order":"","jetpack-related-posts":[{"id":319,"url":"https:\/\/evk-hornbach.de\/?page_id=319","url_meta":{"origin":38143,"position":0},"title":"Termine","author":"Christian G\u00fcnther","date":"27. August 2016","format":false,"excerpt":"Wir freuen uns, den neuen Veranstaltungskalender pr\u00e4sentieren zu k\u00f6nnen! Hier noch zwei Hinweise: Da der Kalender manchmal weiter in die Zukunft reicht als unsere eigene Planung, weisen wir darauf hin, dass nur alle Termine des aktuellen Monats sicher geplant sind (bzw so ca. ab dem 25. eines Monats auch der\u2026","rel":"","context":"\u00c4hnlicher Beitrag","block_context":{"text":"\u00c4hnlicher Beitrag","link":""},"img":{"alt_text":"","src":"","width":0,"height":0},"classes":[]}],"jetpack_sharing_enabled":true,"publishpress_future_action":{"enabled":false,"date":"2026-05-09 16:17:51","action":"change-status","newStatus":"draft","terms":[],"taxonomy":"","extraData":[]},"publishpress_future_workflow_manual_trigger":{"enabledWorkflows":[]},"_links":{"self":[{"href":"https:\/\/evk-hornbach.de\/index.php?rest_route=\/wp\/v2\/pages\/38143","targetHints":{"allow":["GET"]}}],"collection":[{"href":"https:\/\/evk-hornbach.de\/index.php?rest_route=\/wp\/v2\/pages"}],"about":[{"href":"https:\/\/evk-hornbach.de\/index.php?rest_route=\/wp\/v2\/types\/page"}],"author":[{"embeddable":true,"href":"https:\/\/evk-hornbach.de\/index.php?rest_route=\/wp\/v2\/users\/4"}],"replies":[{"embeddable":true,"href":"https:\/\/evk-hornbach.de\/index.php?rest_route=%2Fwp%2Fv2%2Fcomments&post=38143"}],"version-history":[{"count":35,"href":"https:\/\/evk-hornbach.de\/index.php?rest_route=\/wp\/v2\/pages\/38143\/revisions"}],"predecessor-version":[{"id":54661,"href":"https:\/\/evk-hornbach.de\/index.php?rest_route=\/wp\/v2\/pages\/38143\/revisions\/54661"}],"wp:attachment":[{"href":"https:\/\/evk-hornbach.de\/index.php?rest_route=%2Fwp%2Fv2%2Fmedia&parent=38143"}],"curies":[{"name":"wp","href":"https:\/\/api.w.org\/{rel}","templated":true}]}}